{"id":99,"date":"2024-05-07T18:39:33","date_gmt":"2024-05-07T18:39:33","guid":{"rendered":"https:\/\/iseta.edu.ar\/iseta\/?page_id=99"},"modified":"2025-12-10T11:58:33","modified_gmt":"2025-12-10T11:58:33","slug":"tec-sup-en-higiene-y-seguridad-en-el-trabajo","status":"publish","type":"page","link":"https:\/\/iseta.edu.ar\/iseta\/carreras\/tec-sup-en-higiene-y-seguridad-en-el-trabajo\/","title":{"rendered":"Tec. Sup. en Higiene, Seguridad y Ambiente Laboral"},"content":{"rendered":"\n<div class=\"wp-block-buttons is-layout-flex wp-block-buttons-is-layout-flex\">\n<div class=\"wp-block-button has-custom-width wp-block-button__width-25\"><a class=\"wp-block-button__link has-white-color has-text-color has-background has-link-color has-small-font-size has-custom-font-size wp-element-button\" href=\"https:\/\/iseta.edu.ar\/iseta\/wp-content\/uploads\/2024\/05\/TS-en-Higiene-y-Seguridad-en-el-trabajo-Res.-320_13.pdf\" style=\"background-color:#0734cf\">Ver Resoluci\u00f3n hasta ingresantes 2025<\/a><\/div>\n\n\n\n<div class=\"wp-block-button has-custom-width wp-block-button__width-25\"><a class=\"wp-block-button__link has-white-color has-text-color has-background has-link-color has-small-font-size has-custom-font-size wp-element-button\" href=\"https:\/\/iseta.edu.ar\/iseta\/wp-content\/uploads\/2025\/12\/Tec.-Sup-en-Higiene-Seguridad-y-ambiente-Laboral.pdf\" style=\"background-color:#0734cf\">Ver Resoluci\u00f3n a partir de ingresantes 2026<\/a><\/div>\n\n\n\n<div class=\"wp-block-button has-custom-width wp-block-button__width-25\"><a class=\"wp-block-button__link has-white-color has-text-color has-background has-link-color has-small-font-size has-custom-font-size wp-element-button\" href=\"https:\/\/iseta.edu.ar\/iseta\/horarios\/\" style=\"background-color:#0734cf\">Ver Horarios<\/a><\/div>\n<\/div>\n\n\n\n<p>La\/el T\u00e9cnica\/o Superior en Higiene y Seguridad en el Trabajo es un profesional competente para la organizaci\u00f3n, la planificaci\u00f3n y organizaci\u00f3n de actividades, el dise\u00f1o, la gesti\u00f3n de los recursos de los servicios, la evaluaci\u00f3n y control y la capacitaci\u00f3n en aspectos inherentes a la higiene y seguridad en el trabajo.<\/p>\n\n\n\n<p>La\/el T\u00e9cnica\/o Superior en Higiene y Seguridad en el Trabajo est\u00e1 capacitada\/o para: <br>&#8211; Dise\u00f1ar, inspeccionar y controlar equipos y elementos de protecci\u00f3n personal y colectiva, como as\u00ed tambi\u00e9n; instalaciones en ambientes de trabajo en los que se desarrollen actividades con riesgos asociados a iluminaci\u00f3n, ventilaci\u00f3n, radiaciones, carga t\u00e9rmica, ruidos y vibraciones, incendios y\/o explosiones, transporte y\/o manipulaci\u00f3n de materiales, contaminaci\u00f3n y afluentes industriales.<br>&#8211; Realiza el an\u00e1lisis, evaluaci\u00f3n y control de situaciones en las que existen contaminantes qu\u00edmicos, biol\u00f3gicos, f\u00edsicos y ergon\u00f3micos en ambientes laborales. Colabora en la implementaci\u00f3n y desarrollo programas de trabajo en materia de higiene y seguridad laboral y programas de capacitaci\u00f3n para la prevenci\u00f3n y la protecci\u00f3n de riesgos laborales.<br>&#8211; Asiste en la caracterizaci\u00f3n de puestos de trabajo, en funci\u00f3n de los riesgos laborales con intervenci\u00f3n en la selecci\u00f3n e ingreso de personal.<\/p>\n\n\n\n<p><strong>Consultas:<\/strong><br>V\u00eda Whatsapp +549 2317 515076 \u2013 +54 2317 422305\/611071 \u2013 preceptoria@iseta.edu.ar<\/p>\n","protected":false},"excerpt":{"rendered":"<p>La\/el T\u00e9cnica\/o Superior en Higiene y Seguridad en el Trabajo es un profesional competente para la organizaci\u00f3n, la planificaci\u00f3n y &hellip; <\/p>\n","protected":false},"author":2,"featured_media":0,"parent":70,"menu_order":6,"comment_status":"closed","ping_status":"closed","template":"","meta":{"footnotes":""},"class_list":["post-99","page","type-page","status-publish","hentry"],"_links":{"self":[{"href":"https:\/\/iseta.edu.ar\/iseta\/wp-json\/wp\/v2\/pages\/99","targetHints":{"allow":["GET"]}}],"collection":[{"href":"https:\/\/iseta.edu.ar\/iseta\/wp-json\/wp\/v2\/pages"}],"about":[{"href":"https:\/\/iseta.edu.ar\/iseta\/wp-json\/wp\/v2\/types\/page"}],"author":[{"embeddable":true,"href":"https:\/\/iseta.edu.ar\/iseta\/wp-json\/wp\/v2\/users\/2"}],"replies":[{"embeddable":true,"href":"https:\/\/iseta.edu.ar\/iseta\/wp-json\/wp\/v2\/comments?post=99"}],"version-history":[{"count":5,"href":"https:\/\/iseta.edu.ar\/iseta\/wp-json\/wp\/v2\/pages\/99\/revisions"}],"predecessor-version":[{"id":1336,"href":"https:\/\/iseta.edu.ar\/iseta\/wp-json\/wp\/v2\/pages\/99\/revisions\/1336"}],"up":[{"embeddable":true,"href":"https:\/\/iseta.edu.ar\/iseta\/wp-json\/wp\/v2\/pages\/70"}],"wp:attachment":[{"href":"https:\/\/iseta.edu.ar\/iseta\/wp-json\/wp\/v2\/media?parent=99"}],"curies":[{"name":"wp","href":"https:\/\/api.w.org\/{rel}","templated":true}]}}